
Let w(b) = -2*b - 7. Let z be w(-6). Suppose -z*s + 50 = 20. Calculate the highest common factor of s and 12.
6
Let c = -7 - -10. Suppose 0*i = -3*i + 5*g - 14, 2*g = -c*i + 14. Suppose i*w = -3*w + 55. Calculate the greatest common divisor of w and 22.
11
Suppose v + 0 = 14. Let t(q) = 2*q. Let c be t(1). Let o be c/10 + (-138)/(-10). What is the greatest common factor of o and v?
14
Suppose -7 = r - 2*x, -4*x + 3 + 8 = -3*r. Let d = 12 + r. Calculate the highest common factor of 120 and d.
15
Suppose -8*y + 442 = 4*h - 6*y, -h + 133 = 5*y. Suppose 3*m + 60 = 5*j, -j + 0*j + 12 = 3*m. Calculate the greatest common factor of h and j.
12
Suppose 0 = -4*y + x + 656, y - 2*x = -x + 161. Calculate the highest common factor of y and 33.
33
Suppose -9*p = -5*p. Suppose p = 3*n + 8 - 29. Calculate the greatest common factor of 56 and n.
7
Suppose -25 - 11 = -3*t. Let q be (24/10)/((-2)/(-70)). Calculate the highest common factor of q and t.
12
Let u(f) = -f**2 + 6*f - 2. Let o be u(5). Suppose o*l - 13 = -1. Suppose -l*g + 26 = 5*y - 4, -5*g = 5*y - 35. What is the greatest common divisor of y and 2?
2
Let g(y) = 2*y**2 + 8*y. Suppose 0 = f + 4*f - 30. Let x be g(f). Suppose 3*d = -30 + x. Calculate the highest common factor of d and 15.
15
Let y(u) = u**3 - 11*u**2 - 11*u + 15. Let p be y(12). Let n be p/5*(8 - 3). What is the highest common factor of n and 18?
9
Let j be 38/6 + 12/18. Calculate the greatest common factor of 35 and j.
7
Let f = -354 + 519. Suppose -27 - 48 = -5*n. Calculate the highest common divisor of f and n.
15
Let d be 326/9 - (-2)/(-9). Let b(u) = -3*u - 5. Let k be b(-4). Let o = -3 + k. Calculate the greatest common factor of d and o.
4
Suppose -9*u + 28 = -5*u. Calculate the highest common factor of u and 35.
7
Let r(o) = o**2 + 7*o + 3. Let v be r(-7). Suppose 8 = -v*h - 31. Let g = h + 18. What is the highest common divisor of 40 and g?
5
Let i be (2 - -24)/(0 + 2). Let l = 39 - 26. Calculate the highest common divisor of i and l.
13
Suppose 3*b + 20 = 4*b. What is the greatest common divisor of 8 and b?
4
Let n = 36 + -18. What is the highest common factor of 6 and n?
6
Let v = -21 - -23. Suppose -c + 15 = -v. Calculate the greatest common divisor of c and 153.
17
Suppose -3*g = 4*p - 6 + 3, 4*g + 3 = -3*p. Calculate the greatest common factor of p and 2.
1
Suppose -24 = -9*h + 7*h. What is the greatest common divisor of 3 and h?
3
Suppose 3*r = 2*d - 62, 3*d - 5*r + 10*r - 55 = 0. Suppose -d = -5*t - c, -3*t = 5*c - 42 + 5. What is the highest common factor of 1 and t?
1
Let x = 7 + -6. Let r be 16/5*(-50)/(-20). What is the greatest common factor of r and x?
1
Let c = 0 - -3. Suppose -v = -5*j + 71, 0*v = -c*j - v + 41. Calculate the greatest common divisor of 42 and j.
14
Let q(n) = -3*n**2 + 17*n - 4. Let p be q(5). Calculate the highest common divisor of p and 6.
6
Suppose 4*t - 4*q + 0*q = -4, -5*q = t - 23. Suppose -22 = -2*a + 3*y, -y - t = -4*a + 31. Calculate the greatest common factor of a and 8.
8
Suppose -5*x = 2*i - 4*x - 28, 4*x = 16. Calculate the highest common factor of i and 84.
12
Let y = 6 + 2. Let f be (-18)/y*(-128)/6. Suppose 48 = 3*i - 5*q, -3*q - 16 = -0*i - i. What is the greatest common factor of f and i?
16
Suppose 3*d = 256 + 62. Let f(x) = -6*x + 1. Let m be f(2). Let j = d - m. What is the highest common divisor of 13 and j?
13
Suppose 34 = 4*j + 10. Suppose -6 = 5*b - j*b. Suppose -7*h + 24 = -3*h. Calculate the highest common divisor of b and h.
6
Let g be (5 + 1)/(1/10). Let q(v) = -14*v + 26. Let w be q(1). What is the highest common divisor of g and w?
12
Suppose 0*w - 24 = -2*w. What is the greatest common divisor of 3 and w?
3
Let u be 3/(-5) - (-2436)/35. What is the highest common factor of u and 46?
23
Let y = -8 - -18. Let c = 7 + -2. Suppose 0 = -c*s + 187 + 13. What is the greatest common divisor of s and y?
10
Let w(m) = 14*m + 2 - 2. Let b be w(6). What is the greatest common divisor of 14 and b?
14
Let a(p) = 6*p + 12. Let c be a(8). What is the greatest common divisor of 40 and c?
20
Suppose -3*u + 6 = -0*u. Let w be 94/u - 30/10. Calculate the highest common divisor of w and 66.
22
Let m be 22 - (-7)/(28/(-8)). Calculate the highest common factor of 80 and m.
20
Let z(v) = v**3 + 6*v**2 + 5. Suppose -3 - 9 = 2*w. Let s be z(w). What is the highest common factor of 20 and s?
5
Let r(g) = -6*g + 3. Let h be r(-3). Let d be (-2)/(2*(-3)/h). Let n(k) = k**2 + 3*k + 3. Let w be n(-6). What is the highest common divisor of d and w?
7
Let n(u) = u**2 - u. Let i be n(0). Let z be (((-24)/9)/(-8))/((-1)/(-6)). Let w be z - (-64 + 0 + i). What is the greatest common factor of w and 6?
6
Let c(i) = -2*i**2 + i**2 + 15 - 5. Let u be c(0). Let y = -83 - -123. Calculate the highest common divisor of y and u.
10
Suppose 3*m - 5*m + 3*d = -13, -4*m - 2*d + 66 = 0. Let z(w) = -20*w**3 - w. Let j be z(-1). What is the greatest common divisor of j and m?
7
Suppose 0 = -3*t + 2 + 22. Suppose 128 = 12*s - 10*s. Calculate the highest common divisor of s and t.
8
Suppose 3*l + 18 = 3*q, 1 - 5 = 4*q + 3*l. Let d be (-3)/6*q*-11. Calculate the greatest common divisor of 55 and d.
11
Suppose i + 3*n - 4*n + 14 = 0, -6 = 2*n. Let y = 38 + i. Calculate the greatest common factor of y and 7.
7
Let k = 19 + -34. Let y(t) = t**2 - 5*t - 5. Let j be y(5). Let h = j - k. What is the highest common divisor of h and 4?
2
Suppose 2*y = 28 - 14. Calculate the greatest common divisor of 28 and y.
7
Suppose 5*v + 3*h + 4 = 4*v, -4*h = 16. Calculate the highest common factor of v and 72.
8
Suppose 0 = 2*r, 2*r - 46 - 80 = -3*v. What is the highest common factor of 14 and v?
14
Let k = -6 - 0. Let m = -2 - k. Calculate the highest common divisor of m and 4.
4
Let z be ((2 + 2)/(-1))/(-2). Suppose z*l - 77 = l. Suppose w - 23 = -3*t, -2*t = -3*w + l - 30. What is the highest common divisor of 51 and w?
17
Suppose 2*o - 1 - 1 = 0. Let t = 2 - o. Calculate the greatest common divisor of t and 5.
1
Let h = 57 - 29. What is the greatest common factor of 4 and h?
4
Suppose -q + 8 + 6 = 0. What is the greatest common divisor of q and 98?
14
Suppose k - 5 = -0. Suppose 6 = -2*c, -5*j + k*c = c - 77. Suppose 91 = -m + 2*m. What is the highest common divisor of m and j?
13
Suppose 2*l = 3*l - r + 7, 13 = l + 4*r. Let q be (-757)/l + (-2)/(-3). What is the highest common factor of 23 and q?
23
Let a(b) = -7*b + 2 - 2 + 12*b. Let t be a(3). Calculate the greatest common divisor of 150 and t.
15
Suppose 1 = 5*b - 34. What is the greatest common factor of b and 77?
7
Let h(q) = q**3 + 9*q**2 + 7*q - 7. Let o be h(-7). Suppose 28 = 2*i + 4*z, -z + 4*z = 12. Calculate the highest common factor of i and o.
6
Let t = -72 + 162. What is the greatest common factor of 10 and t?
10
Let a(r) = r**3 - r. Let j be a(2). Let p = 42 - j. Suppose g + g - 19 = -f, 3*g + 3*f - 30 = 0. What is the highest common divisor of p and g?
9
Let p = -1 + -5. Let t be (-2)/p - 188/(-12). Suppose 0 = -3*g + t + 119. What is the highest common divisor of g and 9?
9
Suppose 5*i - 4 + 64 = 0. Let y(m) = -m**2 - 12*m + 11. Let t be y(i). Let d be 3/(6/(-4)) - -90. What is the greatest common factor of d and t?
11
Suppose -8 = -2*q + 22. Let u be 2/(-9) - (-58)/18. Let o(t) = t**2 - 3*t + 3. Let s be o(u). Calculate the greatest common factor of s and q.
3
Let a = -13 + 15. Calculate the greatest common divisor of 8 and a.
2
Let k be (-91)/3 + (-2)/(-6). Suppose 285 = 4*z - 0*o - 3*o, -o + 80 = z. Let r = k + z. What is the highest common factor of r and 5?
5
Suppose 0*y + 12 = y. Let g be (-19)/3 + 4/y. Let p be (14/g)/((-1)/33). What is the highest common factor of 11 and p?
11
Suppose -60 = -3*w - 3*i, -i = 1 + 1. Calculate the highest common factor of w and 22.
22
Let u be (-79)/(-4) + 4/16. Calculate the highest common divisor of u and 220.
20
Suppose 3*x - 432 = -15*x. Suppose -2*d = 4 - 20. Calculate the highest common factor of d and x.
8
Suppose -3*n = -4*s + 339, -5*s - 3*n + 6*n = -423. Suppose 3*q + q = s. Calculate the highest common factor of q and 7.
7
Suppose -2*s + 5*s - 36 = 0. Suppose -2*n - 6 = s. Let x = 12 + n. What is the highest common factor of 3 and x?
3
Suppose j - 41 = -6. Let c be (2/2)/(1 + 0). Let a(m) = 13*m**2 + m. Let